he value of -29 + 20 + 0 + (-2 - 23)?
-34
What is (4 + -16 - (27 + -20 - 20)) + 3?
4
What is the value of -147 - -148 - (-12 + -2 + (5 - 3))?
13
Calculate -1 + 6 + -11 - (-13 + 12).
-5
Evaluate (6 + -5 - -5) + -2 - 9 - 7.
-12
What is (7 + -7 - (-3 - -16)) + -12 + 18?
-7
Evaluate (33 - (-11 + 35)) + -18.
-9
Calculate -6 + 6 + -20 + 19.
-1
Evaluate -12 + (-24 - -5 - (15 - 17)).
-29
What is the value of (-22 - -17) + -8 + 14?
1
What is 0 + -6 + (-114 + 43 - -52)?
-25
Evaluate -3 - (6 + (11 + 1 - 9)).
-12
6 + (-9 - -8) + -1
4
Calculate -14 - (-13 + 5 + 5).
-11
Calculate 0 + 37 + -314 + 261.
-16
What is the value of (-29 + 18 - -11) + -2?
-2
What is -13 - (13 + 2 + 1 + -13)?
-16
Calculate (-3 - -1) + 10 + -6 - (-21 - -42).
-19
(1 - 4 - -8) + 3 + (-1 - 8)
-1
What is the value of -3 + -7 - (90 + -104)?
4
What is (681 - 671) + (1 - 14)?
-3
What is 1 - (-1 + -5 - (-24 - -14) - 5)?
2
Evaluate 22 + (10 - 12) + -5 - -5.
20
-36 + 3 + 11 + 11
-11
-6 + (25 - 14) + 5
10
What is the value of (-41 - (-42 - 31)) + -24?
8
32 + -8 + -46 + 34
12
Calculate -1 - (5 + 1 - ((-2 - 4) + 4)).
-9
What is the value of -1 + 4 + 8 + 43 + -43?
11
What is -15 + (3 - 6 - (0 + 1 - 5))?
-14
Evaluate 77 + -83 + (5 + -2 - -11).
8
31 - (28 + -32 + 8)
27
Evaluate -13 - (-14 - -12) - (-5 - -15).
-21
(-6 + -1 + 19 - 15) + -21
-24
What is the value of (10 - 0) + -4 + (3 - -5) + -8?
6
What is (1391 - 1385) + (-32 - 0) + 0?
-26
What is the value of (-42 - 11) + 10 + 72?
29
321 + -284 + (-13 - -2)
26
What is the value of -16 + (1 + -3 - -7) - -11?
0
What is 6 - (1 + -11 - 8 - -37)?
-13
Evaluate 16 + -11 + (-5 - -3) + -3.
0
What is 17 + (4 - 26 - -12) + 8?
15
What is the value of -9 - (-14 + -9 + 4 + 1)?
9
What is the value of -1 + -9 + (148 - 134) - -8?
12
What is the value of -18 - -7 - -14 - (-5 + 2)?
6
What is the value of -29 - ((-9 - 4 - -5) + -5 + 11)?
-27
Evaluate 7 - ((6 - (8 + -15)) + -8 + -11).
13
What is the value of 4 - (-2 + -14 + (16 - -20))?
-16
Evaluate (3 - -7) + -4 + -16 + 1 + -3.
-12
Calculate 3 - (-5 + 5 + -6 + 5) - 15.
-11
What is -355 + 381 - (13 - 0)?
13
3 + 0 + 10 - (12 + -16)
17
Evaluate (7 - (-14 + 7 - -9)) + 2 + -15.
-8
Evaluate 0 + (-10 - (4 + -16) - (0 + -5)).
7
Evaluate -7 - (-8 - (-10 + (-2 - 0))).
-11
Evaluate -14 - (-5 + 4) - -14.
1
Calculate (-29 + 51 - 9) + 1.
14
19 + (5 - 17) + -10 - (0 - -6)
-9
What is 84 + -72 - (9 - 0)?
3
Evaluate 1 - (4 - -14) - -9.
-8
What is the value of -3 + (-116 - -139 - (12 - 1))?
9
What is (3 - (-2 - 3)) + 5 + -3 + 2?
12
What is the value of 0 + 8 + -13 + 12?
7
Evaluate -5 - 9 - -13 - 9.
-10
-4 - (2 + -2) - (4 + (-5 - -1))
-4
What is 4 + 2 - (30 - 39)?
15
What is the value of -6 + -5 + 6 + 13 - 6 - 15?
-13
What is the value of 11 + 15 - 10 - (14 - -2)?
0
Calculate (-267 - -246) + (30 - 0).
9
What is the value of (-10 - (-11 + 3 + -2)) + -16 - 2?
-18
-403 + 407 - (-21 - 0)
25
Calculate 1 + (-3 - -5) - (10 + -11).
4
What is the value of -2 + 21 + (10 - 10 - 9)?
10
What is the value of -1 - (7 - 1 - (94 - 81))?
6
What is the value of (-1 - 1) + 588 + -574?
12
Calculate -57 + 71 - (3 + 2).
9
What is -13 + (-3 - 2) + -6 + -4?
-28
Calculate -283 + 240 - (4 + -61).
14
Calculate 571 - 580 - (-24 + 1).
14
What is -10 - (-19 + -1 + 6)?
4
Evaluate (-4 - 0) + 0 - -5.
1
What is the value of -20 + 19 - -40 - 17?
22
-28 + (-8 - -23) - -34
21
Calculate -3 + -7 + -4 + -6 + (21 - 14).
-13
What is 25 - 41 - (2 - 1)?
-17
What is -100 + 102 - (3 + -1 - -11)?
-11
What is the value of (-9 - -6) + 17 - 23?
-9
1 + 0 + -3 + -14 + -23 + 31
-8
What is the value of -13 + (0 + (15 - -39) - 17)?
24
What is the value of (7 - (-5 - (-18 + 10))) + 3?
7
What is the value of -14 + (18 - (0 + 9)) - -16?
11
Calculate -27 + 36 + (3 - 10) - -11.
13
Evaluate 12 - (2 + 2 + 8).
0
Evaluate (33 - 34 - -29) + -31.
-3
-17 + -19 + (-6 - 0 - -23)
-19
What is the value of (-1 - 17) + -19 + 9 + 6?
-22
What is the value of -2 + 4 + 3 + -222 + 208 + 8?
-1
Calculate 2 - (6 + 2) - (-4 + -1 + 0).
-1
11 + (6 - -10) - 11
16
Evaluate 14 + -10 - (34 - 6 - 9).
-15
What is the value of -24 + (21 - -34) + -53?
-22
-13 + (2 - 6) + 7 + 0
-10
What is the value of (-1 + -5 - -1 - -12) + (18 - 36)?
-11
-3 - (5 + 9 + -7)
-10
What is the value of 10 - (14 + 3 - 3)?
-4
What is the value of 13 - ((-15 - (7 - 8)) + 49)?
-22
Calculate 13 + -34 + -6 - -16.
-11
-1 + (-8 - (6 + -3 + 6))
-18
(11 - -2 - (6 - 19)) + -7
19
What is 8 - (4 - 0 - -3)?
1
What is the value of -8 - (3 - (55 - (20 + -5)))?
29
Calculate 11 - -1 - 2 - 15 - -2.
-3
What is the value of 60 + (8 + -18 - 27)?
23
What is the value of (3 - 14 - -9) + 3 + 0?
1
What is the value of (-30 - -112) + -31 + -29?
22
Calculate 16 + 19 + 1 - 11.
25
-7 + 0 - ((6 - 9 - 4) + 0)
0
Evaluate -4 + -27 + 4 + (-56 - -62).
-21
Evaluate 28 + -31 + (14 - -3).
14
Calculate 7 + -1 + (-38 - -41) - 2.
7
-9 - (-12 - (-22 + 12))
-7
What is 35 - (47 - 42) - 13?
17
Calculate -10 - (2 - (-15 - -20)).
-7
What is 4 + (10 - ((-12 - -8 - -7) + 13))?
-2
What is 8 - (-7 - (-5 + 6)) - (-2 - -5)?
13
Evaluate -43 - (-30 - 13) - 30.
-30
What is the value of (-26 - (-27 + -3)) + (0 - -4)?
8
What is -9 + 4 + -11 - (-8 + -3 + 3)?
-8
What is the value of 276 + -269 + -26 + 0?
-19
Calculate -21 - (17 + 15 + -40).
-13
Evaluate (9 - 2) + 8 - (7 - -2).
6
What is the value of 42 + -25 - 19 - 20?
-22
Calculate -14 + 0 - (332 - 334).
-12
What is (177 - 174) + (-1 - (8 - (-5 - -2)))?
-9
2 - ((-6 + -2 - -2) + 3)
5
Calculate 9 + -4 + (-2 - 6) + -16 + 5.
-14
Calculate 2 + 8 + 0 - (3 - 3).
10
Calculate (-12 - (-4 + 1) - (19 - 21)) + 9.
2
Calculate (2 - 49) + 28 - -38.
19
What is the value of (65 - 31) + -8 + -26?
0
What is the value of 10 - ((-18 - (-13 - 7)) + (-9 - -3))?
14
Calculate 0 + 10 - (-14 + -30 + 40).
14
-1 + (-2 + -1 + -3 + 4 - -9)
6
-3 + -2 + (11 - (-4 + 15))
-5
Calculate -1038 - -1057 - (-10 + -2).
31
Calculate -17 - (28 - 23) - 2.
-24
What is -8 + 5 - -2 - -17 - 45?
-29
Evaluate 4 - ((7 - 21) + 12).
6
Calculate (1 - (8 - 6)) + (4 - 7) + 15.
11
Calculate 18 - ((32 - 16) + -1).
3
Calculate 4 - (1 + 1 + -19 + 11).
10
Calculate 2 + -16 - (-37 + 17).
6
What is the value of -14 + 28 - (-2 - (9 + 0))?
25
19 + (-12 - (-8 + -9) - -10)
34
867 - 939 - (-41 + -1)
-30
What is 42 + 43 + -49 + -56?
-20
Evaluate (-8 - (-10 + -9 + (-1 - -10))) + -1.
1
Evaluate (9 - 7) + -15 + 6.
-7
-19 + 7 + 11 + -2
-3
7 - (4 - 21) - 37
-13
44 - 16 - 27 - -20
21
What is -4 - (-4 - 2 - -3) - (25 - 27)?
1
(2 - 0) + 25 + (-39 - -20)
8
What is the value of -3 + 23 + -7 - -1?
14
Evaluate 4 - -6 - 21 - (3 - (-3 - -48)).
31
What is 8 + (15 - (9 + 6 + -7))?
15
Evaluate 20 + -22 + 19 - (-6 - 0).
23
Evaluate -15 + 34 + -18 + -4.
-3
What is (1 - -1 - 2) + (-9 - (17 - 18))?
-8
What is the value of (-7 - -28) + (-4 - 21)?
-4
Calculate -117 - -117 - (11 + 3).
-14
Evaluate -3 - -11 - (5 + (-4 - -6)).
1
What is the value of -224 - -219 - (1 - (3 - (-1 + 2)))?
-4
Calculate (-4 + 3 - -7) + -12 - -6.
0
What is the value of 5 + (16 - (5 + 14))?
2
What is -3 - 15 - (-25 - (-24 + 11))?
-6
Calculate -2 + (4 - -2 - 9) + -3.
-8
Evaluate 7 + 1 + -25 + -6 + 38.
15
Calculate (-52 - -55) + -10 + 2.
-5
Evaluate 6 - (-2 + (6 - 8) + -7 + -10).
27
Calculate (3 - 1) + -9 + -33 + 25.
-15
What is the value of 32 + -32 - (4 - (-10 + 9))?
-5
-22 - (-26 - -44 - 46)
6
What is 1 - 21 - (95 - 107)?
-8
(-32 - -6) + (30 - 8)
-4
Evaluate (-12 - (-3 + (2 - -3 - 5))) + -1.
-10
What is -4 - (3 - (5 + -5 + 6)) - -2?
1
What is 29 - (0 - 1) - (-26 - (10 - 36))?
30
Evaluate (-36 - 36) + 36 - -19.
-17
What is 7 - ((-4 + -21 - -11) + 29)?
-8
(-3 - 12 - -6) + 2 - 6
-13
What is 36 + (-27 - 6) + (-1 - 1)?
1
What is (14 + -5 - 1) + (-11 - 16)?
-19
What is the value of 4 + -1 + 16 + (2 - (28 - 14))?
7
Calculate 5 + (1 - (-2 + 1)) + -7 - -2.
2
What is 9 - 20 - ((-4 - -6) + -12) - -2?
1
Evaluate (12 - -1 - 23) + 5 + 0.
-5
Evaluate -1 + -12 - (1175 - 1188).
0
What is the value of -7 - (6 + -1 - (20 - (3 + 14)))?
-9
What is the value of -364 + 357 + (3 - 1) + (0 - 2)?
-7
What is the value of (-12 - (-15 - -7)) + (1 - 2) + 19?
14
Evaluate -14 - (23 + -40) - 18.
-15
What is (-1 - 9 - 2) + 4 + -34 + 71?
29
What is (2 - (39 + 5)) + 125 + -120?
-37
What is the value of (-47 - -24) + 22 + -22?
-23
What is (-1 + 11 - 5 - 2) + -3 + -12?
-12
Calculate 3 - 2 - (-17 + 20) - (-1 - -